{"id":9,"date":"2019-01-28T21:53:54","date_gmt":"2019-01-28T20:53:54","guid":{"rendered":"http:\/\/147.83.54.19\/users\/pietro\/Quantum_Menorca_2019\/?page_id=9"},"modified":"2026-02-02T14:10:13","modified_gmt":"2026-02-02T14:10:13","slug":"organization","status":"publish","type":"page","link":"https:\/\/quantum-menorca-2026.upc.edu\/index.php\/organization\/","title":{"rendered":"Organizers"},"content":{"rendered":"\n<p><strong>Scientific Committee<\/strong><\/p>\n\n\n\n<p>Grigori Astrakharchik (UPC)<\/p>\n\n\n\n<p>H\u00e9l\u00e8ne Perrin (LPL &#8211; CNRS &#8211; USPN)<\/p>\n\n\n\n<p>Pietro Massignan (UPC)<\/p>\n\n\n\n<p>Andrea Tononi (UPC &amp; ICFO) [chair]<\/p>\n\n\n\n<p><\/p>\n\n\n\n<p><strong>Conference Officer<\/strong>s<\/p>\n\n\n\n<p>N\u00faria Ferrer (Societat Catalana de F\u00edsica)<\/p>\n\n\n\n<p>Marta Jordi (Institut Menorqu\u00ed d&#8217;Estudis)<\/p>\n\n\n\n<p><\/p>\n\n\n\n<p><strong>Organizing Entities<\/strong><\/p>\n\n\n\n<p>Catalan Society of Physics of the Institute of Catalan Studies<\/p>\n\n\n\n<p>Science and Technology Section of the Institute for Minorcan Studies<\/p>\n\n\n\n<p>Catalonia Quantum Academy<\/p>\n\n\n\n<p><\/p>\n\n\n\n<p><strong>Contact<\/strong><\/p>\n\n\n\n<p>If you have any questions, you may contact us at <a href=\"mailto:QuantumMenorca2026@gmail.com\" type=\"mailto\" id=\"mailto:QuantumMenorca2026@gmail.com\">QuantumMenorca2026@gmail.com<\/a><\/p>\n\n\n\n<p><\/p>\n","protected":false},"excerpt":{"rendered":"<p>Scientific Committee Grigori Astrakharchik (UPC) H\u00e9l\u00e8ne Perrin (LPL &#8211; CNRS &#8211; USPN) Pietro Massignan (UPC) Andrea Tononi (UPC &amp; ICFO) [chair] Conference Officers N\u00faria Ferrer (Societat Catalana de F\u00edsica) Marta Jordi (Institut Menorqu\u00ed d&#8217;Estudis) Organizing Entities Catalan Society of Physics of the Institute of Catalan Studies Science and Technology Section of the Institute for Minorcan [&hellip;]<\/p>\n","protected":false},"author":2,"featured_media":0,"parent":0,"menu_order":0,"comment_status":"closed","ping_status":"closed","template":"","meta":{"footnotes":""},"class_list":["post-9","page","type-page","status-publish","hentry"],"yoast_head":"<!-- This site is optimized with the Yoast SEO plugin v26.9 - https:\/\/yoast.com\/product\/yoast-seo-wordpress\/ -->\n<title>Organizers - XLI Trobades Cient\u00edfiques de la Mediterr\u00e0nia-Josep Miquel Vidal<\/title>\n<meta name=\"robots\" content=\"index, follow, max-snippet:-1, max-image-preview:large, max-video-preview:-1\" \/>\n<link rel=\"canonical\" href=\"https:\/\/quantum-menorca-2026.upc.edu\/index.php\/organization\/\" \/>\n<meta property=\"og:locale\" content=\"en_GB\" \/>\n<meta property=\"og:type\" content=\"article\" \/>\n<meta property=\"og:title\" content=\"Organizers - XLI Trobades Cient\u00edfiques de la Mediterr\u00e0nia-Josep Miquel Vidal\" \/>\n<meta property=\"og:description\" content=\"Scientific Committee Grigori Astrakharchik (UPC) H\u00e9l\u00e8ne Perrin (LPL &#8211; CNRS &#8211; USPN) Pietro Massignan (UPC) Andrea Tononi (UPC &amp; ICFO) [chair] Conference Officers N\u00faria Ferrer (Societat Catalana de F\u00edsica) Marta Jordi (Institut Menorqu\u00ed d&#8217;Estudis) Organizing Entities Catalan Society of Physics of the Institute of Catalan Studies Science and Technology Section of the Institute for Minorcan [&hellip;]\" \/>\n<meta property=\"og:url\" content=\"https:\/\/quantum-menorca-2026.upc.edu\/index.php\/organization\/\" \/>\n<meta property=\"og:site_name\" content=\"XLI Trobades Cient\u00edfiques de la Mediterr\u00e0nia-Josep Miquel Vidal\" \/>\n<meta property=\"article:modified_time\" content=\"2026-02-02T14:10:13+00:00\" \/>\n<meta name=\"twitter:card\" content=\"summary_large_image\" \/>\n<meta name=\"twitter:label1\" content=\"Estimated reading time\" \/>\n\t<meta name=\"twitter:data1\" content=\"1 minute\" \/>\n<script type=\"application\/ld+json\" class=\"yoast-schema-graph\">{\"@context\":\"https:\/\/schema.org\",\"@graph\":[{\"@type\":\"WebPage\",\"@id\":\"https:\/\/quantum-menorca-2026.upc.edu\/index.php\/organization\/\",\"url\":\"https:\/\/quantum-menorca-2026.upc.edu\/index.php\/organization\/\",\"name\":\"Organizers - XLI Trobades Cient\u00edfiques de la Mediterr\u00e0nia-Josep Miquel Vidal\",\"isPartOf\":{\"@id\":\"https:\/\/quantum-menorca-2026.upc.edu\/#website\"},\"datePublished\":\"2019-01-28T20:53:54+00:00\",\"dateModified\":\"2026-02-02T14:10:13+00:00\",\"breadcrumb\":{\"@id\":\"https:\/\/quantum-menorca-2026.upc.edu\/index.php\/organization\/#breadcrumb\"},\"inLanguage\":\"en-GB\",\"potentialAction\":[{\"@type\":\"ReadAction\",\"target\":[\"https:\/\/quantum-menorca-2026.upc.edu\/index.php\/organization\/\"]}]},{\"@type\":\"BreadcrumbList\",\"@id\":\"https:\/\/quantum-menorca-2026.upc.edu\/index.php\/organization\/#breadcrumb\",\"itemListElement\":[{\"@type\":\"ListItem\",\"position\":1,\"name\":\"Portada\",\"item\":\"https:\/\/quantum-menorca-2026.upc.edu\/\"},{\"@type\":\"ListItem\",\"position\":2,\"name\":\"Organizers\"}]},{\"@type\":\"WebSite\",\"@id\":\"https:\/\/quantum-menorca-2026.upc.edu\/#website\",\"url\":\"https:\/\/quantum-menorca-2026.upc.edu\/\",\"name\":\"XLI Trobades Cient\u00edfiques de la Mediterr\u00e0nia-Josep Miquel Vidal\",\"description\":\"10 - 12 June 2026 - Ma\u00f3 (Menorca, Spain)\",\"potentialAction\":[{\"@type\":\"SearchAction\",\"target\":{\"@type\":\"EntryPoint\",\"urlTemplate\":\"https:\/\/quantum-menorca-2026.upc.edu\/?s={search_term_string}\"},\"query-input\":{\"@type\":\"PropertyValueSpecification\",\"valueRequired\":true,\"valueName\":\"search_term_string\"}}],\"inLanguage\":\"en-GB\"}]}<\/script>\n<!-- \/ Yoast SEO plugin. -->","yoast_head_json":{"title":"Organizers - XLI Trobades Cient\u00edfiques de la Mediterr\u00e0nia-Josep Miquel Vidal","robots":{"index":"index","follow":"follow","max-snippet":"max-snippet:-1","max-image-preview":"max-image-preview:large","max-video-preview":"max-video-preview:-1"},"canonical":"https:\/\/quantum-menorca-2026.upc.edu\/index.php\/organization\/","og_locale":"en_GB","og_type":"article","og_title":"Organizers - XLI Trobades Cient\u00edfiques de la Mediterr\u00e0nia-Josep Miquel Vidal","og_description":"Scientific Committee Grigori Astrakharchik (UPC) H\u00e9l\u00e8ne Perrin (LPL &#8211; CNRS &#8211; USPN) Pietro Massignan (UPC) Andrea Tononi (UPC &amp; ICFO) [chair] Conference Officers N\u00faria Ferrer (Societat Catalana de F\u00edsica) Marta Jordi (Institut Menorqu\u00ed d&#8217;Estudis) Organizing Entities Catalan Society of Physics of the Institute of Catalan Studies Science and Technology Section of the Institute for Minorcan [&hellip;]","og_url":"https:\/\/quantum-menorca-2026.upc.edu\/index.php\/organization\/","og_site_name":"XLI Trobades Cient\u00edfiques de la Mediterr\u00e0nia-Josep Miquel Vidal","article_modified_time":"2026-02-02T14:10:13+00:00","twitter_card":"summary_large_image","twitter_misc":{"Estimated reading time":"1 minute"},"schema":{"@context":"https:\/\/schema.org","@graph":[{"@type":"WebPage","@id":"https:\/\/quantum-menorca-2026.upc.edu\/index.php\/organization\/","url":"https:\/\/quantum-menorca-2026.upc.edu\/index.php\/organization\/","name":"Organizers - XLI Trobades Cient\u00edfiques de la Mediterr\u00e0nia-Josep Miquel Vidal","isPartOf":{"@id":"https:\/\/quantum-menorca-2026.upc.edu\/#website"},"datePublished":"2019-01-28T20:53:54+00:00","dateModified":"2026-02-02T14:10:13+00:00","breadcrumb":{"@id":"https:\/\/quantum-menorca-2026.upc.edu\/index.php\/organization\/#breadcrumb"},"inLanguage":"en-GB","potentialAction":[{"@type":"ReadAction","target":["https:\/\/quantum-menorca-2026.upc.edu\/index.php\/organization\/"]}]},{"@type":"BreadcrumbList","@id":"https:\/\/quantum-menorca-2026.upc.edu\/index.php\/organization\/#breadcrumb","itemListElement":[{"@type":"ListItem","position":1,"name":"Portada","item":"https:\/\/quantum-menorca-2026.upc.edu\/"},{"@type":"ListItem","position":2,"name":"Organizers"}]},{"@type":"WebSite","@id":"https:\/\/quantum-menorca-2026.upc.edu\/#website","url":"https:\/\/quantum-menorca-2026.upc.edu\/","name":"XLI Trobades Cient\u00edfiques de la Mediterr\u00e0nia-Josep Miquel Vidal","description":"10 - 12 June 2026 - Ma\u00f3 (Menorca, Spain)","potentialAction":[{"@type":"SearchAction","target":{"@type":"EntryPoint","urlTemplate":"https:\/\/quantum-menorca-2026.upc.edu\/?s={search_term_string}"},"query-input":{"@type":"PropertyValueSpecification","valueRequired":true,"valueName":"search_term_string"}}],"inLanguage":"en-GB"}]}},"_links":{"self":[{"href":"https:\/\/quantum-menorca-2026.upc.edu\/index.php\/wp-json\/wp\/v2\/pages\/9","targetHints":{"allow":["GET"]}}],"collection":[{"href":"https:\/\/quantum-menorca-2026.upc.edu\/index.php\/wp-json\/wp\/v2\/pages"}],"about":[{"href":"https:\/\/quantum-menorca-2026.upc.edu\/index.php\/wp-json\/wp\/v2\/types\/page"}],"author":[{"embeddable":true,"href":"https:\/\/quantum-menorca-2026.upc.edu\/index.php\/wp-json\/wp\/v2\/users\/2"}],"replies":[{"embeddable":true,"href":"https:\/\/quantum-menorca-2026.upc.edu\/index.php\/wp-json\/wp\/v2\/comments?post=9"}],"version-history":[{"count":5,"href":"https:\/\/quantum-menorca-2026.upc.edu\/index.php\/wp-json\/wp\/v2\/pages\/9\/revisions"}],"predecessor-version":[{"id":4162,"href":"https:\/\/quantum-menorca-2026.upc.edu\/index.php\/wp-json\/wp\/v2\/pages\/9\/revisions\/4162"}],"wp:attachment":[{"href":"https:\/\/quantum-menorca-2026.upc.edu\/index.php\/wp-json\/wp\/v2\/media?parent=9"}],"curies":[{"name":"wp","href":"https:\/\/api.w.org\/{rel}","templated":true}]}}