{"id":3693,"date":"2019-01-28T21:43:05","date_gmt":"2019-01-28T21:43:05","guid":{"rendered":"http:\/\/147.83.54.19\/users\/pietro\/Quantum_Menorca_2019\/?page_id=5"},"modified":"2026-03-05T11:42:30","modified_gmt":"2026-03-05T11:42:30","slug":"invited-speakers","status":"publish","type":"page","link":"https:\/\/quantum-menorca-2026.upc.edu\/index.php\/invited-speakers\/","title":{"rendered":"Speakers"},"content":{"rendered":"\n<ul class=\"wp-block-list\">\n<li>Jordi Boronat  (UPC &#8211; Barcelona)<\/li>\n\n\n\n<li>Cesar Cabrera (Hamburg University)<\/li>\n\n\n\n<li>M\u00f4nica A. Caracanhas (University of S\u00e3o Paulo)<\/li>\n\n\n\n<li>Lauriane Chomaz (University of Heidelberg)<\/li>\n\n\n\n<li>Giulia Del Pace  (LENS &#8211; Florence)<\/li>\n\n\n\n<li>Romain Dubessy  (Aix-Marseille University)<\/li>\n\n\n\n<li>Sarah Hirthe  (ICFO &#8211; Barcelona)<\/li>\n\n\n\n<li>Natalia Salom\u00e8 Moller  (SAS &#8211; Bratislava)<\/li>\n\n\n\n<li>Sylvain Nascimb\u00e8ne (ENS &#8211; Paris)<\/li>\n\n\n\n<li>Dmitry S. Petrov  (LPTMS &#8211; Orsay)<\/li>\n\n\n\n<li>Luca Salasnich  (University of Padova)<\/li>\n\n\n\n<li>Alice Sinatra  (Sorbonne University &#8211; Paris)<\/li>\n\n\n\n<li>Shinichi Sunami  (University of Oxford)<\/li>\n\n\n\n<li>Yangqian Yan (CUHK &#8211; Hong Kong)<\/li>\n<\/ul>\n\n\n\n<p><\/p>\n","protected":false},"excerpt":{"rendered":"","protected":false},"author":2,"featured_media":0,"parent":0,"menu_order":0,"comment_status":"closed","ping_status":"closed","template":"","meta":{"footnotes":""},"class_list":["post-3693","page","type-page","status-publish","hentry"],"yoast_head":"<!-- This site is optimized with the Yoast SEO plugin v26.9 - https:\/\/yoast.com\/product\/yoast-seo-wordpress\/ -->\n<title>Speakers - XLI Trobades Cient\u00edfiques de la Mediterr\u00e0nia-Josep Miquel Vidal<\/title>\n<meta name=\"robots\" content=\"index, follow, max-snippet:-1, max-image-preview:large, max-video-preview:-1\" \/>\n<link rel=\"canonical\" href=\"https:\/\/quantum-menorca-2026.upc.edu\/index.php\/invited-speakers\/\" \/>\n<meta property=\"og:locale\" content=\"en_GB\" \/>\n<meta property=\"og:type\" content=\"article\" \/>\n<meta property=\"og:title\" content=\"Speakers - XLI Trobades Cient\u00edfiques de la Mediterr\u00e0nia-Josep Miquel Vidal\" \/>\n<meta property=\"og:url\" content=\"https:\/\/quantum-menorca-2026.upc.edu\/index.php\/invited-speakers\/\" \/>\n<meta property=\"og:site_name\" content=\"XLI Trobades Cient\u00edfiques de la Mediterr\u00e0nia-Josep Miquel Vidal\" \/>\n<meta property=\"article:modified_time\" content=\"2026-03-05T11:42:30+00:00\" \/>\n<meta name=\"twitter:card\" content=\"summary_large_image\" \/>\n<meta name=\"twitter:label1\" content=\"Estimated reading time\" \/>\n\t<meta name=\"twitter:data1\" content=\"1 minute\" \/>\n<script type=\"application\/ld+json\" class=\"yoast-schema-graph\">{\"@context\":\"https:\/\/schema.org\",\"@graph\":[{\"@type\":\"WebPage\",\"@id\":\"https:\/\/quantum-menorca-2026.upc.edu\/index.php\/invited-speakers\/\",\"url\":\"https:\/\/quantum-menorca-2026.upc.edu\/index.php\/invited-speakers\/\",\"name\":\"Speakers - XLI Trobades Cient\u00edfiques de la Mediterr\u00e0nia-Josep Miquel Vidal\",\"isPartOf\":{\"@id\":\"https:\/\/quantum-menorca-2026.upc.edu\/#website\"},\"datePublished\":\"2019-01-28T21:43:05+00:00\",\"dateModified\":\"2026-03-05T11:42:30+00:00\",\"breadcrumb\":{\"@id\":\"https:\/\/quantum-menorca-2026.upc.edu\/index.php\/invited-speakers\/#breadcrumb\"},\"inLanguage\":\"en-GB\",\"potentialAction\":[{\"@type\":\"ReadAction\",\"target\":[\"https:\/\/quantum-menorca-2026.upc.edu\/index.php\/invited-speakers\/\"]}]},{\"@type\":\"BreadcrumbList\",\"@id\":\"https:\/\/quantum-menorca-2026.upc.edu\/index.php\/invited-speakers\/#breadcrumb\",\"itemListElement\":[{\"@type\":\"ListItem\",\"position\":1,\"name\":\"Portada\",\"item\":\"https:\/\/quantum-menorca-2026.upc.edu\/\"},{\"@type\":\"ListItem\",\"position\":2,\"name\":\"Speakers\"}]},{\"@type\":\"WebSite\",\"@id\":\"https:\/\/quantum-menorca-2026.upc.edu\/#website\",\"url\":\"https:\/\/quantum-menorca-2026.upc.edu\/\",\"name\":\"XLI Trobades Cient\u00edfiques de la Mediterr\u00e0nia-Josep Miquel Vidal\",\"description\":\"10 - 12 June 2026 - Ma\u00f3 (Menorca, Spain)\",\"potentialAction\":[{\"@type\":\"SearchAction\",\"target\":{\"@type\":\"EntryPoint\",\"urlTemplate\":\"https:\/\/quantum-menorca-2026.upc.edu\/?s={search_term_string}\"},\"query-input\":{\"@type\":\"PropertyValueSpecification\",\"valueRequired\":true,\"valueName\":\"search_term_string\"}}],\"inLanguage\":\"en-GB\"}]}<\/script>\n<!-- \/ Yoast SEO plugin. -->","yoast_head_json":{"title":"Speakers - XLI Trobades Cient\u00edfiques de la Mediterr\u00e0nia-Josep Miquel Vidal","robots":{"index":"index","follow":"follow","max-snippet":"max-snippet:-1","max-image-preview":"max-image-preview:large","max-video-preview":"max-video-preview:-1"},"canonical":"https:\/\/quantum-menorca-2026.upc.edu\/index.php\/invited-speakers\/","og_locale":"en_GB","og_type":"article","og_title":"Speakers - XLI Trobades Cient\u00edfiques de la Mediterr\u00e0nia-Josep Miquel Vidal","og_url":"https:\/\/quantum-menorca-2026.upc.edu\/index.php\/invited-speakers\/","og_site_name":"XLI Trobades Cient\u00edfiques de la Mediterr\u00e0nia-Josep Miquel Vidal","article_modified_time":"2026-03-05T11:42:30+00:00","twitter_card":"summary_large_image","twitter_misc":{"Estimated reading time":"1 minute"},"schema":{"@context":"https:\/\/schema.org","@graph":[{"@type":"WebPage","@id":"https:\/\/quantum-menorca-2026.upc.edu\/index.php\/invited-speakers\/","url":"https:\/\/quantum-menorca-2026.upc.edu\/index.php\/invited-speakers\/","name":"Speakers - XLI Trobades Cient\u00edfiques de la Mediterr\u00e0nia-Josep Miquel Vidal","isPartOf":{"@id":"https:\/\/quantum-menorca-2026.upc.edu\/#website"},"datePublished":"2019-01-28T21:43:05+00:00","dateModified":"2026-03-05T11:42:30+00:00","breadcrumb":{"@id":"https:\/\/quantum-menorca-2026.upc.edu\/index.php\/invited-speakers\/#breadcrumb"},"inLanguage":"en-GB","potentialAction":[{"@type":"ReadAction","target":["https:\/\/quantum-menorca-2026.upc.edu\/index.php\/invited-speakers\/"]}]},{"@type":"BreadcrumbList","@id":"https:\/\/quantum-menorca-2026.upc.edu\/index.php\/invited-speakers\/#breadcrumb","itemListElement":[{"@type":"ListItem","position":1,"name":"Portada","item":"https:\/\/quantum-menorca-2026.upc.edu\/"},{"@type":"ListItem","position":2,"name":"Speakers"}]},{"@type":"WebSite","@id":"https:\/\/quantum-menorca-2026.upc.edu\/#website","url":"https:\/\/quantum-menorca-2026.upc.edu\/","name":"XLI Trobades Cient\u00edfiques de la Mediterr\u00e0nia-Josep Miquel Vidal","description":"10 - 12 June 2026 - Ma\u00f3 (Menorca, Spain)","potentialAction":[{"@type":"SearchAction","target":{"@type":"EntryPoint","urlTemplate":"https:\/\/quantum-menorca-2026.upc.edu\/?s={search_term_string}"},"query-input":{"@type":"PropertyValueSpecification","valueRequired":true,"valueName":"search_term_string"}}],"inLanguage":"en-GB"}]}},"_links":{"self":[{"href":"https:\/\/quantum-menorca-2026.upc.edu\/index.php\/wp-json\/wp\/v2\/pages\/3693","targetHints":{"allow":["GET"]}}],"collection":[{"href":"https:\/\/quantum-menorca-2026.upc.edu\/index.php\/wp-json\/wp\/v2\/pages"}],"about":[{"href":"https:\/\/quantum-menorca-2026.upc.edu\/index.php\/wp-json\/wp\/v2\/types\/page"}],"author":[{"embeddable":true,"href":"https:\/\/quantum-menorca-2026.upc.edu\/index.php\/wp-json\/wp\/v2\/users\/2"}],"replies":[{"embeddable":true,"href":"https:\/\/quantum-menorca-2026.upc.edu\/index.php\/wp-json\/wp\/v2\/comments?post=3693"}],"version-history":[{"count":11,"href":"https:\/\/quantum-menorca-2026.upc.edu\/index.php\/wp-json\/wp\/v2\/pages\/3693\/revisions"}],"predecessor-version":[{"id":4211,"href":"https:\/\/quantum-menorca-2026.upc.edu\/index.php\/wp-json\/wp\/v2\/pages\/3693\/revisions\/4211"}],"wp:attachment":[{"href":"https:\/\/quantum-menorca-2026.upc.edu\/index.php\/wp-json\/wp\/v2\/media?parent=3693"}],"curies":[{"name":"wp","href":"https:\/\/api.w.org\/{rel}","templated":true}]}}

<ul class="wp-block-list">
<li>Jordi Boronat  (UPC &#8211; Barcelona)</li>



<li>Cesar Cabrera (Hamburg University)</li>



<li>Mônica A. Caracanhas (University of São Paulo)</li>



<li>Lauriane Chomaz (University of Heidelberg)</li>



<li>Giulia Del Pace  (LENS &#8211; Florence)</li>



<li>Romain Dubessy  (Aix-Marseille University)</li>



<li>Sarah Hirthe  (ICFO &#8211; Barcelona)</li>



<li>Natalia Salomè Moller  (SAS &#8211; Bratislava)</li>



<li>Sylvain Nascimbène (ENS &#8211; Paris)</li>



<li>Dmitry S. Petrov  (LPTMS &#8211; Orsay)</li>



<li>Luca Salasnich  (University of Padova)</li>



<li>Alice Sinatra  (Sorbonne University &#8211; Paris)</li>



<li>Shinichi Sunami  (University of Oxford)</li>



<li>Yangqian Yan (CUHK &#8211; Hong Kong)</li>
</ul>



<p></p>

<!-- This site is optimized with the Yoast SEO plugin v26.9 - https://yoast.com/product/yoast-seo-wordpress/ -->
<title>Speakers - XLI Trobades Científiques de la Mediterrània-Josep Miquel Vidal</title>
<meta name="robots" content="index, follow, max-snippet:-1, max-image-preview:large, max-video-preview:-1" />
<link rel="canonical" href="https://quantum-menorca-2026.upc.edu/index.php/invited-speakers/" />
<meta property="og:locale" content="en_GB" />
<meta property="og:type" content="article" />
<meta property="og:title" content="Speakers - XLI Trobades Científiques de la Mediterrània-Josep Miquel Vidal" />
<meta property="og:url" content="https://quantum-menorca-2026.upc.edu/index.php/invited-speakers/" />
<meta property="og:site_name" content="XLI Trobades Científiques de la Mediterrània-Josep Miquel Vidal" />
<meta property="article:modified_time" content="2026-03-05T11:42:30+00:00" />
<meta name="twitter:card" content="summary_large_image" />
<meta name="twitter:label1" content="Estimated reading time" />
	<meta name="twitter:data1" content="1 minute" />
<script type="application/ld+json" class="yoast-schema-graph">{"@context":"https://schema.org","@graph":[{"@type":"WebPage","@id":"https://quantum-menorca-2026.upc.edu/index.php/invited-speakers/","url":"https://quantum-menorca-2026.upc.edu/index.php/invited-speakers/","name":"Speakers - XLI Trobades Científiques de la Mediterrània-Josep Miquel Vidal","isPartOf":{"@id":"https://quantum-menorca-2026.upc.edu/#website"},"datePublished":"2019-01-28T21:43:05+00:00","dateModified":"2026-03-05T11:42:30+00:00","breadcrumb":{"@id":"https://quantum-menorca-2026.upc.edu/index.php/invited-speakers/#breadcrumb"},"inLanguage":"en-GB","potentialAction":[{"@type":"ReadAction","target":["https://quantum-menorca-2026.upc.edu/index.php/invited-speakers/"]}]},{"@type":"BreadcrumbList","@id":"https://quantum-menorca-2026.upc.edu/index.php/invited-speakers/#breadcrumb","itemListElement":[{"@type":"ListItem","position":1,"name":"Portada","item":"https://quantum-menorca-2026.upc.edu/"},{"@type":"ListItem","position":2,"name":"Speakers"}]},{"@type":"WebSite","@id":"https://quantum-menorca-2026.upc.edu/#website","url":"https://quantum-menorca-2026.upc.edu/","name":"XLI Trobades Científiques de la Mediterrània-Josep Miquel Vidal","description":"10 - 12 June 2026 - Maó (Menorca, Spain)","potentialAction":[{"@type":"SearchAction","target":{"@type":"EntryPoint","urlTemplate":"https://quantum-menorca-2026.upc.edu/?s={search_term_string}"},"query-input":{"@type":"PropertyValueSpecification","valueRequired":true,"valueName":"search_term_string"}}],"inLanguage":"en-GB"}]}</script>
<!-- / Yoast SEO plugin. -->

Speakers - XLI Trobades Científiques de la Mediterrània-Josep Miquel Vidal

XLI Trobades Científiques de la Mediterrània-Josep Miquel Vidal

10 - 12 June 2026 - Maó (Menorca, Spain)
